{"id":252,"date":"2021-04-19T12:52:56","date_gmt":"2021-04-19T10:52:56","guid":{"rendered":"https:\/\/kapuroastery.fi\/?page_id=252"},"modified":"2024-09-01T09:14:58","modified_gmt":"2024-09-01T06:14:58","slug":"tilaus-ja-toimitusehdot","status":"publish","type":"page","link":"https:\/\/kapuroastery.fi\/index.php\/tilaus-ja-toimitusehdot\/","title":{"rendered":"Tilaus- ja toimitusehdot"},"content":{"rendered":"\n<p class=\"has-normal-font-size\">Ehdot ovat voimassa 1.4.2022 alkaen.<\/p>\n\n\n\n<p class=\"has-normal-font-size\"><strong>1 Yleist\u00e4<\/strong><\/p>\n\n\n\n<p class=\"has-normal-font-size\">KAPU Roastery Oy (3180615-4) myy tuotteita verkkokaupasta yksityishenkil\u00f6ille Suomeen. Tuotteiden hinnat sis\u00e4lt\u00e4v\u00e4t arvonlis\u00e4veron. Pid\u00e4t\u00e4mme oikeuden hintojen ja toimitusehtojen muutoksiin.<\/p>\n\n\n\n<p class=\"has-normal-font-size\">Verkkokaupan yhteystiedot:<\/p>\n\n\n\n<ul class=\"wp-block-list has-normal-font-size\">\n<li>info@kapuroastery.fi<\/li>\n\n\n\n<li>Kyminv\u00e4yl\u00e4 2, 45700 Kuusankoski<\/li>\n<\/ul>\n\n\n\n<p class=\"has-normal-font-size\"><strong>2 Tilaaminen<\/strong><\/p>\n\n\n\n<p class=\"has-normal-font-size\">Tilaukset tehd\u00e4\u00e4n verkkokaupan kautta, mik\u00e4 varmistaa ett\u00e4 kaikki tiedot tulevat oikein tilaajan sy\u00f6tt\u00e4min\u00e4. Tilattavat tuotteet valitaan lis\u00e4\u00e4m\u00e4ll\u00e4 ne ostoskoriin. Tilaus l\u00e4hetet\u00e4\u00e4n maksamalla ostoskorin sis\u00e4lt\u00f6 verkkokaupan kassatoiminnossa. Tehdess\u00e4si tilauksen hyv\u00e4ksyt n\u00e4m\u00e4 tilaus- ja toimitusehdot, tuotteiden hinnat sek\u00e4 toimituskulut. Tilauksen tekemiseen vaaditaan nimi, osoite, puhelinnumero ja s\u00e4hk\u00f6postiosoite. Tilauksen tilausvahvistus l\u00e4hetet\u00e4\u00e4n s\u00e4hk\u00f6postitse annettuun osoitteeseen. Tilausvahvistuksesta ilmenev\u00e4t tilatut tuotteet sek\u00e4 hinnat.<\/p>\n\n\n\n<p class=\"has-normal-font-size\"><strong>3 Maksaminen<\/strong><br><br>Maksupalvelun tarjoaa Verifone Finland Oy (0943819-9). Verifone Finland Oy on Finanssivalvonnan toimiluvan saanut maksulaitos. Maksutapahtumat toteutetaan Verifone Finland Oy:n suojatussa tietoturvallisessa maksuymp\u00e4rist\u00f6ss\u00e4. Pankki- ja korttimaksujen vastaanottajana tiliotteella sek\u00e4 mahdollisilla korttilaskuilla vastaanottajana n\u00e4kyy Verifone Finland Oy, joka v\u00e4litt\u00e4\u00e4 maksut kauppiaalle.<br><br>Verifone Finland Oy<br>Vantaankoskentie 14<br>01670 Vantaa<br>Asiakaspalvelu kuluttajille, puh. 020 753 5192, <a href=\"mailto:kuluttaja@verifone.fi\">kuluttaja@verifone.fi<\/a><br><a href=\"http:\/\/www.verifone.fi\" data-type=\"URL\" data-id=\"www.verifone.fi\">www.verifone.fi<\/a><\/p>\n\n\n\n<p class=\"has-normal-font-size\"><strong>4 Toimitus<\/strong><\/p>\n\n\n\n<p class=\"has-normal-font-size\">Tilauksia l\u00e4hetet\u00e4\u00e4n vain arkip\u00e4ivisin. Varastosta toimitettavien tuotteiden toimitusaika on yleens\u00e4 2-5 arkip\u00e4iv\u00e4\u00e4. Maanantaihin klo 8.00 menness\u00e4 tehdyt tilaukset l\u00e4hetet\u00e4\u00e4n saman viikon aikana. Jos tilaus tehd\u00e4\u00e4n maanantain klo 8.00 j\u00e4lkeen, se l\u00e4hetet\u00e4\u00e4n yleens\u00e4 seuraavan viikon aikana.<br><br>Toimituskulut m\u00e4\u00e4r\u00e4ytyv\u00e4t valitun toimitustavan, mahdollisten lis\u00e4palvelujen sek\u00e4 mahdollisesti tilauksen painon ja koon mukaan. N\u00e4et toimituskulut verkkokaupan kassatoiminnossa ennen tilauksen lopullista hyv\u00e4ksymist\u00e4. L\u00e4het\u00e4mme tuotteita eri puolille Suomea sek\u00e4 kirjein\u00e4 ett\u00e4 paketteina.<br><br>Mik\u00e4li tuote on kadonnut tai vioittunut toimituksen aikana, tulee t\u00e4st\u00e4 ilmoittaa viipym\u00e4tt\u00e4 mutta kuitenkin viimeist\u00e4\u00e4n 14 vuorokauden kuluessa toimittajalle. Toimituksessa vioittuneista paketeista tulee viipym\u00e4tt\u00e4 ilmoittaa toimituksesta vastanneelle yhti\u00f6lle.<br><br>Voit my\u00f6s noutaa tilaamasi tuotteet paahtimomyym\u00e4l\u00e4st\u00e4mme osoitteesta KAPU Roastery Oy, Kyminv\u00e4yl\u00e4 2, 45700 Kuusankoski.<\/p>\n\n\n\n<p class=\"has-normal-font-size\"><strong>&nbsp;5 Vaihto- ja palautusehdot<\/strong><\/p>\n\n\n\n<p class=\"has-normal-font-size\">Asiakkaalla on Suomen kuluttajansuojalain mukainen 14 p\u00e4iv\u00e4n vaihto- ja palautusoikeus. Palautusoikeus koskee vain alkuper\u00e4ispakkauksessa olevia k\u00e4ytt\u00e4m\u00e4tt\u00f6mi\u00e4 ja myyntikelpoisia tuotteita. HUOM! <strong>Avatulla kahvipaketilla ei ole palautusoikeutta.<\/strong><br><br>Liit\u00e4 palautuksen mukaan seuraavat tiedot:<\/p>\n\n\n\n<ul class=\"wp-block-list has-normal-font-size\">\n<li>asiakasnumerosi, nimesi, osoitteesi ja puhelinnumerosi<\/li>\n\n\n\n<li>pankkitilinumerosi<\/li>\n\n\n\n<li>sek\u00e4 kopio KAPU Roasteryn tilausvahvistuksesta<\/li>\n<\/ul>\n\n\n\n<p class=\"has-normal-font-size\"><span style=\"text-decoration: underline;\">Palautusosoite<\/span><br><br>KAPU Roastery Oy<br>Kyminv\u00e4yl\u00e4 2<br>45700 Kuusankoski<br><br>Emme vastaanota palautuksia yli 14 vuorokauden kuluttua toimituksesta. Kun palautus on hyv\u00e4ksytty, rahat palautetaan suoraan tilillesi palautuksen vastaanoton ja k\u00e4sittelyn j\u00e4lkeen.<\/p>\n\n\n\n<p class=\"has-normal-font-size\">HUOM! <strong>Paketin noutamatta j\u00e4tt\u00e4minen noutopisteest\u00e4 ei ole asiakaspalautus.<\/strong> Jos aiot j\u00e4tt\u00e4\u00e4 paketin noutamatta, ilmoitathan siit\u00e4 etuk\u00e4teen s\u00e4hk\u00f6postilla osoitteeseen info@kapuroastery.fi. Ilmoittamatta j\u00e4tt\u00e4misest\u00e4 voimme veloittaa 15,00 euron arvosta toimitus- ja k\u00e4sittelykuluja.<\/p>\n\n\n\n<p class=\"has-normal-font-size\"><strong>6 Alennuskoodit<\/strong><\/p>\n\n\n\n<p class=\"has-normal-font-size\">Tilauksessa ei voi yhdist\u00e4\u00e4 useampaa alennuskoodia.<\/p>\n","protected":false},"excerpt":{"rendered":"<p>Ehdot ovat voimassa 1.4.2022 alkaen. 1 Yleist\u00e4 KAPU Roastery Oy (3180615-4) myy tuotteita verkkokaupasta yksityishenkil\u00f6ille Suomeen. Tuotteiden hinnat sis\u00e4lt\u00e4v\u00e4t arvonlis\u00e4veron. Pid\u00e4t\u00e4mme oikeuden hintojen ja toimitusehtojen muutoksiin. Verkkokaupan yhteystiedot: 2 Tilaaminen Tilaukset tehd\u00e4\u00e4n verkkokaupan kautta, mik\u00e4 varmistaa ett\u00e4 kaikki tiedot tulevat oikein tilaajan sy\u00f6tt\u00e4min\u00e4. Tilattavat tuotteet valitaan lis\u00e4\u00e4m\u00e4ll\u00e4 ne ostoskoriin. Tilaus l\u00e4hetet\u00e4\u00e4n maksamalla ostoskorin sis\u00e4lt\u00f6 verkkokaupan &#8230; <a title=\"Tilaus- ja toimitusehdot\" class=\"read-more\" href=\"https:\/\/kapuroastery.fi\/index.php\/tilaus-ja-toimitusehdot\/\" aria-label=\"Lue lis\u00e4\u00e4 aiheesta Tilaus- ja toimitusehdot\">Lue lis\u00e4\u00e4<\/a><\/p>\n","protected":false},"author":3,"featured_media":0,"parent":0,"menu_order":0,"comment_status":"closed","ping_status":"closed","template":"","meta":{"footnotes":""},"class_list":["post-252","page","type-page","status-publish"],"yoast_head":"<!-- This site is optimized with the Yoast SEO plugin v27.4 - https:\/\/yoast.com\/product\/yoast-seo-wordpress\/ -->\n<title>Tilaus- ja toimitusehdot - KAPU Roastery<\/title>\n<meta name=\"robots\" content=\"index, follow, max-snippet:-1, max-image-preview:large, max-video-preview:-1\" \/>\n<link rel=\"canonical\" href=\"https:\/\/kapuroastery.fi\/index.php\/tilaus-ja-toimitusehdot\/\" \/>\n<meta property=\"og:locale\" content=\"fi_FI\" \/>\n<meta property=\"og:type\" content=\"article\" \/>\n<meta property=\"og:title\" content=\"Tilaus- ja toimitusehdot - KAPU Roastery\" \/>\n<meta property=\"og:description\" content=\"Ehdot ovat voimassa 1.4.2022 alkaen. 1 Yleist\u00e4 KAPU Roastery Oy (3180615-4) myy tuotteita verkkokaupasta yksityishenkil\u00f6ille Suomeen. Tuotteiden hinnat sis\u00e4lt\u00e4v\u00e4t arvonlis\u00e4veron. Pid\u00e4t\u00e4mme oikeuden hintojen ja toimitusehtojen muutoksiin. Verkkokaupan yhteystiedot: 2 Tilaaminen Tilaukset tehd\u00e4\u00e4n verkkokaupan kautta, mik\u00e4 varmistaa ett\u00e4 kaikki tiedot tulevat oikein tilaajan sy\u00f6tt\u00e4min\u00e4. Tilattavat tuotteet valitaan lis\u00e4\u00e4m\u00e4ll\u00e4 ne ostoskoriin. Tilaus l\u00e4hetet\u00e4\u00e4n maksamalla ostoskorin sis\u00e4lt\u00f6 verkkokaupan ... Lue lis\u00e4\u00e4\" \/>\n<meta property=\"og:url\" content=\"https:\/\/kapuroastery.fi\/index.php\/tilaus-ja-toimitusehdot\/\" \/>\n<meta property=\"og:site_name\" content=\"KAPU Roastery\" \/>\n<meta property=\"article:publisher\" content=\"https:\/\/www.facebook.com\/kapuroastery\" \/>\n<meta property=\"article:modified_time\" content=\"2024-09-01T06:14:58+00:00\" \/>\n<meta name=\"twitter:card\" content=\"summary_large_image\" \/>\n<meta name=\"twitter:site\" content=\"@kapuroastery\" \/>\n<meta name=\"twitter:label1\" content=\"Arvioitu lukuaika\" \/>\n\t<meta name=\"twitter:data1\" content=\"3 minuuttia\" \/>\n<script type=\"application\/ld+json\" class=\"yoast-schema-graph\">{\"@context\":\"https:\\\/\\\/schema.org\",\"@graph\":[{\"@type\":\"WebPage\",\"@id\":\"https:\\\/\\\/kapuroastery.fi\\\/index.php\\\/tilaus-ja-toimitusehdot\\\/\",\"url\":\"https:\\\/\\\/kapuroastery.fi\\\/index.php\\\/tilaus-ja-toimitusehdot\\\/\",\"name\":\"Tilaus- ja toimitusehdot - KAPU Roastery\",\"isPartOf\":{\"@id\":\"https:\\\/\\\/kapuroastery.fi\\\/#website\"},\"datePublished\":\"2021-04-19T10:52:56+00:00\",\"dateModified\":\"2024-09-01T06:14:58+00:00\",\"breadcrumb\":{\"@id\":\"https:\\\/\\\/kapuroastery.fi\\\/index.php\\\/tilaus-ja-toimitusehdot\\\/#breadcrumb\"},\"inLanguage\":\"fi\",\"potentialAction\":[{\"@type\":\"ReadAction\",\"target\":[\"https:\\\/\\\/kapuroastery.fi\\\/index.php\\\/tilaus-ja-toimitusehdot\\\/\"]}]},{\"@type\":\"BreadcrumbList\",\"@id\":\"https:\\\/\\\/kapuroastery.fi\\\/index.php\\\/tilaus-ja-toimitusehdot\\\/#breadcrumb\",\"itemListElement\":[{\"@type\":\"ListItem\",\"position\":1,\"name\":\"Etusivu\",\"item\":\"https:\\\/\\\/kapuroastery.fi\\\/\"},{\"@type\":\"ListItem\",\"position\":2,\"name\":\"Tilaus- ja toimitusehdot\"}]},{\"@type\":\"WebSite\",\"@id\":\"https:\\\/\\\/kapuroastery.fi\\\/#website\",\"url\":\"https:\\\/\\\/kapuroastery.fi\\\/\",\"name\":\"KAPU Roastery\",\"description\":\"Artesaanipaahtimo\",\"publisher\":{\"@id\":\"https:\\\/\\\/kapuroastery.fi\\\/#organization\"},\"potentialAction\":[{\"@type\":\"SearchAction\",\"target\":{\"@type\":\"EntryPoint\",\"urlTemplate\":\"https:\\\/\\\/kapuroastery.fi\\\/?s={search_term_string}\"},\"query-input\":{\"@type\":\"PropertyValueSpecification\",\"valueRequired\":true,\"valueName\":\"search_term_string\"}}],\"inLanguage\":\"fi\"},{\"@type\":\"Organization\",\"@id\":\"https:\\\/\\\/kapuroastery.fi\\\/#organization\",\"name\":\"KAPU Roastery\",\"url\":\"https:\\\/\\\/kapuroastery.fi\\\/\",\"logo\":{\"@type\":\"ImageObject\",\"inLanguage\":\"fi\",\"@id\":\"https:\\\/\\\/kapuroastery.fi\\\/#\\\/schema\\\/logo\\\/image\\\/\",\"url\":\"https:\\\/\\\/kapuroastery.fi\\\/wp-content\\\/uploads\\\/2021\\\/01\\\/K_bw190px.jpg\",\"contentUrl\":\"https:\\\/\\\/kapuroastery.fi\\\/wp-content\\\/uploads\\\/2021\\\/01\\\/K_bw190px.jpg\",\"width\":190,\"height\":190,\"caption\":\"KAPU Roastery\"},\"image\":{\"@id\":\"https:\\\/\\\/kapuroastery.fi\\\/#\\\/schema\\\/logo\\\/image\\\/\"},\"sameAs\":[\"https:\\\/\\\/www.facebook.com\\\/kapuroastery\",\"https:\\\/\\\/x.com\\\/kapuroastery\",\"https:\\\/\\\/www.instagram.com\\\/kapuroastery\",\"https:\\\/\\\/www.linkedin.com\\\/company\\\/kapuroastery\",\"https:\\\/\\\/www.youtube.com\\\/channel\\\/UClRXEN-cHPmNTF5aAmLgXXQ\"]}]}<\/script>\n<!-- \/ Yoast SEO plugin. -->","yoast_head_json":{"title":"Tilaus- ja toimitusehdot - KAPU Roastery","robots":{"index":"index","follow":"follow","max-snippet":"max-snippet:-1","max-image-preview":"max-image-preview:large","max-video-preview":"max-video-preview:-1"},"canonical":"https:\/\/kapuroastery.fi\/index.php\/tilaus-ja-toimitusehdot\/","og_locale":"fi_FI","og_type":"article","og_title":"Tilaus- ja toimitusehdot - KAPU Roastery","og_description":"Ehdot ovat voimassa 1.4.2022 alkaen. 1 Yleist\u00e4 KAPU Roastery Oy (3180615-4) myy tuotteita verkkokaupasta yksityishenkil\u00f6ille Suomeen. Tuotteiden hinnat sis\u00e4lt\u00e4v\u00e4t arvonlis\u00e4veron. Pid\u00e4t\u00e4mme oikeuden hintojen ja toimitusehtojen muutoksiin. Verkkokaupan yhteystiedot: 2 Tilaaminen Tilaukset tehd\u00e4\u00e4n verkkokaupan kautta, mik\u00e4 varmistaa ett\u00e4 kaikki tiedot tulevat oikein tilaajan sy\u00f6tt\u00e4min\u00e4. Tilattavat tuotteet valitaan lis\u00e4\u00e4m\u00e4ll\u00e4 ne ostoskoriin. Tilaus l\u00e4hetet\u00e4\u00e4n maksamalla ostoskorin sis\u00e4lt\u00f6 verkkokaupan ... Lue lis\u00e4\u00e4","og_url":"https:\/\/kapuroastery.fi\/index.php\/tilaus-ja-toimitusehdot\/","og_site_name":"KAPU Roastery","article_publisher":"https:\/\/www.facebook.com\/kapuroastery","article_modified_time":"2024-09-01T06:14:58+00:00","twitter_card":"summary_large_image","twitter_site":"@kapuroastery","twitter_misc":{"Arvioitu lukuaika":"3 minuuttia"},"schema":{"@context":"https:\/\/schema.org","@graph":[{"@type":"WebPage","@id":"https:\/\/kapuroastery.fi\/index.php\/tilaus-ja-toimitusehdot\/","url":"https:\/\/kapuroastery.fi\/index.php\/tilaus-ja-toimitusehdot\/","name":"Tilaus- ja toimitusehdot - KAPU Roastery","isPartOf":{"@id":"https:\/\/kapuroastery.fi\/#website"},"datePublished":"2021-04-19T10:52:56+00:00","dateModified":"2024-09-01T06:14:58+00:00","breadcrumb":{"@id":"https:\/\/kapuroastery.fi\/index.php\/tilaus-ja-toimitusehdot\/#breadcrumb"},"inLanguage":"fi","potentialAction":[{"@type":"ReadAction","target":["https:\/\/kapuroastery.fi\/index.php\/tilaus-ja-toimitusehdot\/"]}]},{"@type":"BreadcrumbList","@id":"https:\/\/kapuroastery.fi\/index.php\/tilaus-ja-toimitusehdot\/#breadcrumb","itemListElement":[{"@type":"ListItem","position":1,"name":"Etusivu","item":"https:\/\/kapuroastery.fi\/"},{"@type":"ListItem","position":2,"name":"Tilaus- ja toimitusehdot"}]},{"@type":"WebSite","@id":"https:\/\/kapuroastery.fi\/#website","url":"https:\/\/kapuroastery.fi\/","name":"KAPU Roastery","description":"Artesaanipaahtimo","publisher":{"@id":"https:\/\/kapuroastery.fi\/#organization"},"potentialAction":[{"@type":"SearchAction","target":{"@type":"EntryPoint","urlTemplate":"https:\/\/kapuroastery.fi\/?s={search_term_string}"},"query-input":{"@type":"PropertyValueSpecification","valueRequired":true,"valueName":"search_term_string"}}],"inLanguage":"fi"},{"@type":"Organization","@id":"https:\/\/kapuroastery.fi\/#organization","name":"KAPU Roastery","url":"https:\/\/kapuroastery.fi\/","logo":{"@type":"ImageObject","inLanguage":"fi","@id":"https:\/\/kapuroastery.fi\/#\/schema\/logo\/image\/","url":"https:\/\/kapuroastery.fi\/wp-content\/uploads\/2021\/01\/K_bw190px.jpg","contentUrl":"https:\/\/kapuroastery.fi\/wp-content\/uploads\/2021\/01\/K_bw190px.jpg","width":190,"height":190,"caption":"KAPU Roastery"},"image":{"@id":"https:\/\/kapuroastery.fi\/#\/schema\/logo\/image\/"},"sameAs":["https:\/\/www.facebook.com\/kapuroastery","https:\/\/x.com\/kapuroastery","https:\/\/www.instagram.com\/kapuroastery","https:\/\/www.linkedin.com\/company\/kapuroastery","https:\/\/www.youtube.com\/channel\/UClRXEN-cHPmNTF5aAmLgXXQ"]}]}},"_links":{"self":[{"href":"https:\/\/kapuroastery.fi\/index.php\/wp-json\/wp\/v2\/pages\/252","targetHints":{"allow":["GET"]}}],"collection":[{"href":"https:\/\/kapuroastery.fi\/index.php\/wp-json\/wp\/v2\/pages"}],"about":[{"href":"https:\/\/kapuroastery.fi\/index.php\/wp-json\/wp\/v2\/types\/page"}],"author":[{"embeddable":true,"href":"https:\/\/kapuroastery.fi\/index.php\/wp-json\/wp\/v2\/users\/3"}],"replies":[{"embeddable":true,"href":"https:\/\/kapuroastery.fi\/index.php\/wp-json\/wp\/v2\/comments?post=252"}],"version-history":[{"count":10,"href":"https:\/\/kapuroastery.fi\/index.php\/wp-json\/wp\/v2\/pages\/252\/revisions"}],"predecessor-version":[{"id":1242,"href":"https:\/\/kapuroastery.fi\/index.php\/wp-json\/wp\/v2\/pages\/252\/revisions\/1242"}],"wp:attachment":[{"href":"https:\/\/kapuroastery.fi\/index.php\/wp-json\/wp\/v2\/media?parent=252"}],"curies":[{"name":"wp","href":"https:\/\/api.w.org\/{rel}","templated":true}]}}